n**2 - 5*n + 10. Let c(h) = g(h) - 2*v(h). What is the units digit of c(-4)?
0
Let n be -27 - -26 - (-1)/1. Let j(t) = -t**2 - t + 45. What is the units digit of j(n)?
5
Let k be (8 - 8) + (-1 - -4). Suppose 2*v + 0*v + z - 17 = 0, 0 = -k*v - z + 27. What is the tens digit of (36/v)/(4/20)?
1
Let y(p) = -2*p**3 - 23*p**2 - 63*p - 17. What is the units digit of y(-9)?
5
Let s be (2 - 6)/(-4)*1*5. Let g(l) = 1. Let c(y) = 4*y - 5. Let b(r) = c(r) - 2*g(r). What is the units digit of b(s)?
3
What is the units digit of 137*(8 + -5 + 3)?
2
Let j = -35 - -13. Let f = 0 - j. What is the units digit of f?
2
Let g(h) = 66 + 191*h**2 - 65 + 5*h**2. What is the tens digit of g(1)?
9
Suppose -4*n = -o - 20, 0 = 2*n - 5*o + 2*o - 20. Suppose -n = 2*c - 3*c. What is the units digit of 86/c - 27/18?
0
Let b = -10 + 16. What is the units digit of b/2*((-2 - -14) + 3)?
5
Suppose 835 = 3*l - 5*x, -6*l - 1090 = -10*l + 2*x. What is the units digit of l?
0
Suppose -h = -1 - 2. Suppose h*m - 46 = -4*x, -2*x + 4*m + 13 = 1. What is the units digit of x?
0
Let s be (1 - -1) + 0 + -1. What is the units digit of 2 - s/(-4)*-4?
1
Let p(l) = -l + 27. Let r be p(12). Suppose 4*a = 7*a - r. Suppose -a*c = -12 + 2. What is the units digit of c?
2
Suppose 26533 + 3875 = 7*n. What is the hundreds digit of n?
3
Let y = -30 + -19. Let r = y + 71. What is the tens digit of r?
2
Let g = 708 - -827. What is the hundreds digit of g?
5
What is the hundreds digit of -615*((-48)/(-112) + (-44)/21)?
0
Suppose -54*d + 13*d = -191265. What is the thousands digit of d?
4
Suppose 31*h = -4223 + 48274. What is the thousands digit of h?
1
Let h be 102/27 + 8/36. Suppose 4*a + 603 = h*l + l, 2*l - 232 = -3*a. What is the units digit of l?
9
Let r(g) = -g**3 + g**2 - 3*g - 9. Let y be r(7). What is the tens digit of y/(-6) - (2 + 0)?
5
Suppose 373 + 263 = 2*p. Suppose -12*l + p = -2322. What is the tens digit of l?
2
Let c = -85 - -92. Let o = c - -153. What is the hundreds digit of o?
1
Suppose -2*y = -2*q + 100, -y + 8*q - 6*q - 46 = 0. Let m(r) = -15*r + 1. Let h be m(6). Let l = y - h. What is the units digit of l?
5
Suppose -2*k = -5*n + 12, 0 = 3*n - 5*k - 0 - 11. Let o(s) = s**3 - 6*s**2 + 5*s + 4. Let a be o(5). Let d = a - n. What is the units digit of d?
2
Let a be (66/9)/((-12)/(-234)). Suppose 4*j + 503 = 5*v + 95, -5*v + 2*j + 414 = 0. Let c = a - v. What is the tens digit of c?
5
Let q = -64 - -308. What is the tens digit of q?
4
Let i(w) = w**3 - w + 2. Let k be i(0). Suppose -q - 62 = -k*q. What is the units digit of q/3*(-6)/(-4)?
1
Suppose 5*s - 21318 = -3*i - 4641, 2 = -2*i. What is the hundreds digit of s?
3
Suppose -35 = -3*p + 2*k, k - 46 = -4*p - 14. Suppose -7*m = -p*m + 138. What is the units digit of m?
9
Let r(w) = w**3 + 5*w**2 - 3*w + 2. Let c be r(-4). Let u(x) = -5*x - 61. Let i be u(-8). Let l = c + i. What is the units digit of l?
9
Suppose 838 = -14*t + 8944. What is the tens digit of t?
7
Suppose -5*q - 4*a = -22, 5*a + 4 = -0*q - q. Let x be q/(-1)*(-3)/6. Suppose 10 = -x*w + 5*w, d = -5*w + 72. What is the tens digit of d?
4
Let v(s) = 17*s**3 - 2*s**2 - 1. Let c be v(3). Suppose c = 5*b + g, 10*g = -5*b + 5*g + 440. Suppose -2*z = 2*z - b. What is the tens digit of z?
2
Let u(b) be the second derivative of -b**4/12 - 19*b**3/6 + 6*b**2 - 7*b. What is the units digit of u(-11)?
0
Let a = -27 - -17. Let v(w) = -w**3 - 10*w**2 - 7*w. Let p be v(a). Let b = -40 + p. What is the tens digit of b?
3
Let k(q) = 333*q**2 - 6*q - 3. What is the units digit of k(2)?
7
Let q(n) = -n**2 - 10*n + 11. Let x be q(-14). What is the tens digit of ((-48)/5)/((-309)/x + -7)?
7
Let c(o) = -59*o + 780. What is the thousands digit of c(-19)?
1
Let y be (-344)/(-14) - (-20)/(-35). Let r be 4 + -6 + y/1. Suppose 0 = -18*w + r*w - 292. What is the tens digit of w?
7
Let d(b) = 3*b**2 + 56*b + 58. Let s(c) = c**2 + 19*c + 19. Let g(x) = 3*d(x) - 8*s(x). What is the units digit of g(-17)?
9
Suppose -3*q - 6 = 6*w - 3*w, -5*q - w + 10 = 0. What is the units digit of 42/(207/66 - q)?
8
Suppose n - 2151 = -2*n. Suppose 0 = 7*o - n + 178. What is the units digit of o?
7
What is the hundreds digit of 1/5 - (23928/10)/(-6)?
3
Let f be 126/24 + 3/4. Suppose 0 = 2*n - z - 3*z - 22, 3*z = -2*n - f. Suppose n*k = -4*d + 110, -5*k + 112 = 4*d - 3*k. What is the tens digit of d?
2
What is the units digit of 6/(2648/(-442) - -6)?
3
Let b be -2 + (24 - 3 - 1). Suppose -m = b - 131. Suppose m = -5*o + 313. What is the units digit of o?
0
Suppose -44 = 2*q - 5*g, 0 = -q + 4*g - g - 23. Let n be 177*((-40)/(-12) + -3). Let w = q + n. What is the units digit of w?
2
Let q(g) = -g**3 + 6*g**2 + 8*g - 2. Suppose 21 = 2*c + c. Let z be q(c). Suppose z*t - 36 = 104. What is the units digit of t?
8
Let s be 3 - (-7)/(28/(-12)). Suppose 2*v - 2*a + s*a = 132, 5*v + 2*a - 323 = 0. What is the units digit of v?
5
Let y(d) = 26*d + 102. What is the units digit of y(8)?
0
Let w be 147/(-28) + (-2)/(-8). Let r = w + 19. Suppose 3*j - 3*i = 39, -r = -2*j - 2*i - 4. What is the units digit of j?
9
Let q(h) be the first derivative of -h**3/3 - h**2 + 123*h + 18. What is the units digit of q(0)?
3
Let l be (-9 + 8)/(-2*1/1226). Suppose -397 = -2*k + 4*y + y, 3*k - l = 4*y. What is the units digit of k?
1
Let f(k) = -k**3 + 6*k**2 + 8*k - 11. Let x be f(10). Let l = -140 - x. What is the hundreds digit of l?
1
Let y(o) = -3 - 1 - 7 - 9*o + 6. What is the units digit of y(-9)?
6
What is the hundreds digit of ((5 - 4)*-1)/((-2)/2742)?
3
Suppose -9 = o + 3*v + 2, 0 = -4*o - 4*v - 4. Suppose -o*u - 5*z = -185 - 139, -5*z = -3*u + 208. What is the units digit of u?
6
Let b = 434 - 216. Suppose -13*a = -16 - b. What is the units digit of a?
8
Suppose 0 = -6*x - 19*x + 22200. What is the hundreds digit of x?
8
What is the tens digit of (-10502)/(-6) - (-2)/3 - 7?
4
Suppose -157 - 184 = -j. What is the hundreds digit of j?
3
Suppose -g + 6 = 3. Suppose -4 = -g*l + 89. Let x = l + -19. What is the tens digit of x?
1
Suppose 4*q - 842 = -5*o, 2*o + q = -40 + 375. Suppose -2*z - 4*g + o = -0*g, -g = -1. What is the tens digit of z?
8
Let w(u) = -14*u**2 + 21*u**2 + 50*u**2. What is the tens digit of w(-1)?
5
Let m be 6/(-8) + 498/24. Let u = m + 8. What is the units digit of u?
8
Suppose -14*n + 19*n - 30 = 0. Suppose 68 = -n*f + 8*f. What is the tens digit of f?
3
What is the units digit of (-2)/10 - (-4542)/(-30)*-3?
4
Let x(d) = -d**3 + 7*d**2 + d. Let v be x(9). What is the hundreds digit of (v/(-18) - 7)*860/6?
2
Suppose 2*f + 3*s - 815 = 0, 0*f - 3*f = s - 1240. What is the tens digit of f?
1
Suppose 0 = -5*h + 12 + 3. Suppose 3 = -c, 2*r + h*c - 921 = -2*c. Suppose 5*w - 5*a - r = -53, 0 = -4*w - 3*a + 297. What is the units digit of w?
8
Let r be (-10)/(-30)*(-1029 + 0). Let j = r - -589. What is the hundreds digit of j?
2
Let i = 3190 + 1119. What is the units digit of i?
9
Let d be 110 + (3 - 2) + -3. Suppose 3*x = -2*x + 4*m + 188, 0 = -3*x + 4*m + d. Let o = x - 20. What is the units digit of o?
0
Suppose 0 = -300*b + 306*b - 4896. What is the units digit of b?
6
Let i(z) = 114*z**2 - 4*z. Let c be i(4). Let x(g) = g - 15. Let a be x(14). What is the units digit of c/72 + a/9?
5
Let v = -39 - -76. Suppose v*r - 894 = 31*r. What is the units digit of r?
9
Suppose -4 - 32 = -s. Suppose 3*j - s = 5*m, -3 = 4*j + 3*m - 22. Let b(z) = 2*z**2 - 7*z - 10. What is the tens digit of b(j)?
3
Let a(v) = -v**3 - 2*v**2 + 5*v + 11. Let k be a(-3). Suppose -k*i = 153 - 793. What is the units digit of i?
8
Let v(d) = 4*d - 268. Let i be v(0). Let k = 384 + i. What is the tens digit of k?
1
Let x(y) = -y**3 + 3*y + 4. Let l be x(-4). Suppose -4*c + 18 = 2*u, 0*c - 3*c - 5*u + 24 = 0. Suppose -c*q + q + l = 0. What is the units digit of q?
8
Suppose 5*l - 35 = 40. Let h be 1218/l - 3/15. Let p = h - 55. What is the units digit of p?
6
Let s(j) = 94*j**3 + 9*j**2 - 15*j + 1. What is the units digit of s(2)?
9
Let n be 2/4 + 4769/38. Suppose -h + 360 = 4*u + n, 2*u - h = 120. What is the units digit of u?
9
Let r = -27 + 47. Let g be (1*-6)/(10/r). Let k = 30 + g. What is the tens digit of k?
1
Suppose -4*x = -q - 420, 0*x - 420 = -4*x - 5*q. Suppose 0 = -u + 2*u. Suppose u*d + x = 5*d. What is the tens digit of d?
2
Let n = -26